{"id":386,"date":"2025-03-18T11:14:51","date_gmt":"2025-03-18T14:14:51","guid":{"rendered":"https:\/\/danieldasbaterias.com\/?post_type=product&#038;p=386"},"modified":"2025-03-21T13:52:26","modified_gmt":"2025-03-21T16:52:26","slug":"focus-240ml-vonixx","status":"publish","type":"product","link":"https:\/\/danieldasbaterias.com\/?product=focus-240ml-vonixx","title":{"rendered":"FOCUS 240ML &#8211; VONIXX"},"content":{"rendered":"<p>REMOVEDOR DE MARCAS D&#8217;\u00c1GUA<\/p>\n<p>pH EQUILIBRADO<br \/>\nTOTAL SEGURAN\u00c7A<\/p>\n<p>FOCUS \u00e9 um potente removedor de marcas d&#8217;\u00e1gua em vidros e espelhos. O produto \u00e9 eficaz na remo\u00e7\u00e3o de marcas d&#8217;\u00e1gua em vidros automotivos, boxes de banheiro, espelhos ou qualquer tipo de vidro, sem risco de causar manchas. Ao contr\u00e1rio de produtos \u00e1cidos, ele possui um pH equilibrado e pode ser utilizado com total seguran\u00e7a.<\/p>\n<p>MODO DE USO:<br \/>\n1. Agite bem o produto antes de usar. 2. Coloque algumas gotas do produto em um aplicador espec\u00edfico para esse fim e comece a esfregar, aplicando press\u00e3o em uma \u00e1rea de aproximadamente 30cm x 30cm. 3. Remova o excesso de produto com \u00e1gua ou uma toalha de microfibra. 4. Verifique se as marcas foram completamente removidas e caso contr\u00e1rio, repita o procedimento. 5. Continue o processo at\u00e9 concluir toda a superf\u00edcie.<\/p>\n","protected":false},"excerpt":{"rendered":"<p>REMOVEDOR DE MARCAS D&#8217; \u00c1GUA &#8211; VIDROS AUTOMOTIVOS &#8211; BOXE DE BANHEIRO<\/p>\n<p>&nbsp;<\/p>\n","protected":false},"featured_media":387,"comment_status":"open","ping_status":"closed","template":"","meta":[],"product_brand":[27],"product_cat":[38],"product_tag":[],"class_list":{"0":"post-386","1":"product","2":"type-product","3":"status-publish","4":"has-post-thumbnail","6":"product_brand-vonixx","7":"product_cat-limpeza-de-vidros","9":"first","10":"instock","11":"taxable","12":"shipping-taxable","13":"purchasable","14":"product-type-simple"},"_links":{"self":[{"href":"https:\/\/danieldasbaterias.com\/index.php?rest_route=\/wp\/v2\/product\/386","targetHints":{"allow":["GET"]}}],"collection":[{"href":"https:\/\/danieldasbaterias.com\/index.php?rest_route=\/wp\/v2\/product"}],"about":[{"href":"https:\/\/danieldasbaterias.com\/index.php?rest_route=\/wp\/v2\/types\/product"}],"replies":[{"embeddable":true,"href":"https:\/\/danieldasbaterias.com\/index.php?rest_route=%2Fwp%2Fv2%2Fcomments&post=386"}],"wp:featuredmedia":[{"embeddable":true,"href":"https:\/\/danieldasbaterias.com\/index.php?rest_route=\/wp\/v2\/media\/387"}],"wp:attachment":[{"href":"https:\/\/danieldasbaterias.com\/index.php?rest_route=%2Fwp%2Fv2%2Fmedia&parent=386"}],"wp:term":[{"taxonomy":"product_brand","embeddable":true,"href":"https:\/\/danieldasbaterias.com\/index.php?rest_route=%2Fwp%2Fv2%2Fproduct_brand&post=386"},{"taxonomy":"product_cat","embeddable":true,"href":"https:\/\/danieldasbaterias.com\/index.php?rest_route=%2Fwp%2Fv2%2Fproduct_cat&post=386"},{"taxonomy":"product_tag","embeddable":true,"href":"https:\/\/danieldasbaterias.com\/index.php?rest_route=%2Fwp%2Fv2%2Fproduct_tag&post=386"}],"curies":[{"name":"wp","href":"https:\/\/api.w.org\/{rel}","templated":true}]}}