{"id":434,"date":"2025-03-19T16:25:17","date_gmt":"2025-03-19T19:25:17","guid":{"rendered":"https:\/\/danieldasbaterias.com\/?post_type=product&#038;p=434"},"modified":"2025-03-19T16:25:17","modified_gmt":"2025-03-19T19:25:17","slug":"v10-corte-verniz-asiatico-500ml-vonixx","status":"publish","type":"product","link":"https:\/\/danieldasbaterias.com\/?product=v10-corte-verniz-asiatico-500ml-vonixx","title":{"rendered":"V10 &#8211; CORTE VERNIZ ASIATICO 500ML &#8211; VONIXX"},"content":{"rendered":"<p>O Polidor V10 &#8211; linha asi\u00e1tica possui f\u00f3rmula exclusiva para pinturas de verniz macio. Realiza polimento para remo\u00e7\u00e3o completa dos riscos da lixa P1.200 a P1.500 grit, elimina riscos profundos e oxida\u00e7\u00f5es em pinturas negligenciadas.<br \/>\nV10 mant\u00e9m um padr\u00e3o de corte controlado com excelente n\u00edvel de acabamento e brilho, podendo ser trabalhado por longos per\u00eddos de tempo sem empastar na pe\u00e7a polida, com baixa forma\u00e7\u00e3o de p\u00f3 residual durante o processo de polimento.<\/p>\n<p><b>Dilui\u00e7\u00e3o<\/b><br \/>\nPronto uso<\/p>\n<p><b>Uso recomendado<\/b><br \/>\nPintura, superf\u00edcie cromada, black piano e rodas.<\/p>\n<p>Boina ideal para etapa de corte<br \/>\nUtilize a Boina de Refino Voxer que possui uma espuma intermedi\u00e1ria projetada para remover defeitos agressivos\/m\u00e9dios, deixando um acabamento quase perfeito.<br \/>\nTrabalhe em \u00e1reas de 60 x 60cm<br \/>\nRealize passadas cruzadas e sobrepostas at\u00e9 que o produto forme uma camada fina e transparente sobre a pe\u00e7a<\/p>\n<p>Rota\u00e7\u00e3o de trabalho (Politriz rotativa\/ Roto orbital)<br \/>\nPolitriz rotativa: velocidade de trabalho 1.200 a 1.400 rpm, press\u00e3o leve\/moderada.<br \/>\nPolitriz roto orbital: velocidade de trabalho 2.800 a 3.520 rpm.<\/p>\n<p><b>Informa\u00e7\u00f5es adicionais<\/b><br \/>\nEste produto n\u00e3o deve ser utilizado em pl\u00e1stico, couro e vidro.<\/p>\n<p><b>Precau\u00e7\u00f5es<\/b><br \/>\nCuidado! Perigosa sua ingest\u00e3o. Evite contato prolongado com a pela. Lavar as m\u00e3os ap\u00f3s o uso. Conserve fora do alcance das crian\u00e7as e animais dom\u00e9sticos.<\/p>\n<p>-Excelente brilho e acabamento<br \/>\n-Baixa forma\u00e7\u00e3o de p\u00f3<\/p>\n<p><b>Modo de uso<\/b><br \/>\n1. Agitar bem antes de usar. Limpar bem a superf\u00edcie a ser trabalhada<br \/>\n2. Utilizar politriz com velocidade entre 1200 a 1800 RPM e boina de corte<br \/>\n3. Aplicar o produto na pe\u00e7a em quantidade suficente para trabalhar em \u00e1rea de 50cm x 50cm. Ligar a politriz e realizar o polimento, exercendo press\u00e3o moderada at\u00e9 observar o brilho desejado<br \/>\n4. Se necess\u00e1rio, repetir a opera\u00e7\u00e3o. Se for preciso, remover o excesso do produto com aux\u00edlio de toalha de microfibra<\/p>\n","protected":false},"excerpt":{"rendered":"<p>POLIMENTO &#8211; ELIMINA RISCOS PROFUNDOS<\/p>\n<p>&nbsp;<\/p>\n","protected":false},"featured_media":435,"comment_status":"open","ping_status":"closed","template":"","meta":[],"product_brand":[27],"product_cat":[36],"product_tag":[],"class_list":{"0":"post-434","1":"product","2":"type-product","3":"status-publish","4":"has-post-thumbnail","6":"product_brand-vonixx","7":"product_cat-cera-e-polimento","9":"first","10":"instock","11":"taxable","12":"shipping-taxable","13":"purchasable","14":"product-type-simple"},"_links":{"self":[{"href":"https:\/\/danieldasbaterias.com\/index.php?rest_route=\/wp\/v2\/product\/434","targetHints":{"allow":["GET"]}}],"collection":[{"href":"https:\/\/danieldasbaterias.com\/index.php?rest_route=\/wp\/v2\/product"}],"about":[{"href":"https:\/\/danieldasbaterias.com\/index.php?rest_route=\/wp\/v2\/types\/product"}],"replies":[{"embeddable":true,"href":"https:\/\/danieldasbaterias.com\/index.php?rest_route=%2Fwp%2Fv2%2Fcomments&post=434"}],"wp:featuredmedia":[{"embeddable":true,"href":"https:\/\/danieldasbaterias.com\/index.php?rest_route=\/wp\/v2\/media\/435"}],"wp:attachment":[{"href":"https:\/\/danieldasbaterias.com\/index.php?rest_route=%2Fwp%2Fv2%2Fmedia&parent=434"}],"wp:term":[{"taxonomy":"product_brand","embeddable":true,"href":"https:\/\/danieldasbaterias.com\/index.php?rest_route=%2Fwp%2Fv2%2Fproduct_brand&post=434"},{"taxonomy":"product_cat","embeddable":true,"href":"https:\/\/danieldasbaterias.com\/index.php?rest_route=%2Fwp%2Fv2%2Fproduct_cat&post=434"},{"taxonomy":"product_tag","embeddable":true,"href":"https:\/\/danieldasbaterias.com\/index.php?rest_route=%2Fwp%2Fv2%2Fproduct_tag&post=434"}],"curies":[{"name":"wp","href":"https:\/\/api.w.org\/{rel}","templated":true}]}}