{"id":458,"date":"2025-03-21T11:54:10","date_gmt":"2025-03-21T14:54:10","guid":{"rendered":"https:\/\/danieldasbaterias.com\/?post_type=product&#038;p=458"},"modified":"2025-03-21T11:54:58","modified_gmt":"2025-03-21T14:54:58","slug":"v-mol-5ml-vonixx","status":"publish","type":"product","link":"https:\/\/danieldasbaterias.com\/?product=v-mol-5ml-vonixx","title":{"rendered":"V-MOL 5ML &#8211; VONIXX"},"content":{"rendered":"<p>V-MOL \u00e9 um lava autos biodegrad\u00e1vel com pH levemente b\u00e1sico que n\u00e3o agride a superf\u00edcie. Ideal para lavagem de autom\u00f3veis, em especial para remo\u00e7\u00e3o de sujeiras mais dif\u00edcieis, como remo\u00e7\u00e3o de barro e \u00f3leo.<\/p>\n<p><b>Dilui\u00e7\u00e3o<\/b><br \/>\nSujeira leve\/ Manuten\u00e7\u00e3o 1:100<br \/>\nSujeira m\u00e9dia 1:50<br \/>\nSujeira pesada 1:10<\/p>\n<p>-Concentrado<br \/>\n-Alta performance<br \/>\n<b><br \/>\nModo de usar<\/b><br \/>\n1.Diluir o produto na propor\u00e7\u00e3o indicada<br \/>\n2.Iniciar a lavagem com o aux\u00edlio de uma luva de microfibra, sempre come\u00e7ando pelas partes superiores do ve\u00edculo<br \/>\n3.Mergulhar a luva na solu\u00e7\u00e3o e esfregar suavemente at\u00e9 completar o ve\u00edculo<br \/>\n4.Enxaguar em seguida at\u00e9 a retirada de todo o produto<br \/>\n5.Secar o ve\u00edculo por completo a fim de evitar manchas<\/p>\n","protected":false},"excerpt":{"rendered":"<p>LAVA AUTO &#8211; REMO\u00c7\u00c3O DE SUJEIRA DIF\u00cdCIL<\/p>\n<p>&nbsp;<\/p>\n","protected":false},"featured_media":459,"comment_status":"open","ping_status":"closed","template":"","meta":[],"product_brand":[27],"product_cat":[37],"product_tag":[],"class_list":{"0":"post-458","1":"product","2":"type-product","3":"status-publish","4":"has-post-thumbnail","6":"product_brand-vonixx","7":"product_cat-limpeza-externa-auto","9":"first","10":"instock","11":"taxable","12":"shipping-taxable","13":"purchasable","14":"product-type-simple"},"_links":{"self":[{"href":"https:\/\/danieldasbaterias.com\/index.php?rest_route=\/wp\/v2\/product\/458","targetHints":{"allow":["GET"]}}],"collection":[{"href":"https:\/\/danieldasbaterias.com\/index.php?rest_route=\/wp\/v2\/product"}],"about":[{"href":"https:\/\/danieldasbaterias.com\/index.php?rest_route=\/wp\/v2\/types\/product"}],"replies":[{"embeddable":true,"href":"https:\/\/danieldasbaterias.com\/index.php?rest_route=%2Fwp%2Fv2%2Fcomments&post=458"}],"wp:featuredmedia":[{"embeddable":true,"href":"https:\/\/danieldasbaterias.com\/index.php?rest_route=\/wp\/v2\/media\/459"}],"wp:attachment":[{"href":"https:\/\/danieldasbaterias.com\/index.php?rest_route=%2Fwp%2Fv2%2Fmedia&parent=458"}],"wp:term":[{"taxonomy":"product_brand","embeddable":true,"href":"https:\/\/danieldasbaterias.com\/index.php?rest_route=%2Fwp%2Fv2%2Fproduct_brand&post=458"},{"taxonomy":"product_cat","embeddable":true,"href":"https:\/\/danieldasbaterias.com\/index.php?rest_route=%2Fwp%2Fv2%2Fproduct_cat&post=458"},{"taxonomy":"product_tag","embeddable":true,"href":"https:\/\/danieldasbaterias.com\/index.php?rest_route=%2Fwp%2Fv2%2Fproduct_tag&post=458"}],"curies":[{"name":"wp","href":"https:\/\/api.w.org\/{rel}","templated":true}]}}