{"id":696,"date":"2025-08-08T15:03:03","date_gmt":"2025-08-08T18:03:03","guid":{"rendered":"https:\/\/danieldasbaterias.com\/?post_type=product&#038;p=696"},"modified":"2025-08-08T15:04:08","modified_gmt":"2025-08-08T18:04:08","slug":"carnauba-plus-500ml","status":"publish","type":"product","link":"https:\/\/danieldasbaterias.com\/?product=carnauba-plus-500ml","title":{"rendered":"CARNAUBA PLUS 500ML"},"content":{"rendered":"<div class=\"title\">Descri\u00e7\u00e3o Geral<\/div>\n<div class=\"board_htm\">\n<p>Carna\u00faba Plus \u00e9 uma cera limpadora e protetora, especialmente desenvolvida com a mais pura cera de carna\u00faba cearense. Sua f\u00f3rmula exclusiva limpa, protege e promove brilho de alta profundidade.<\/p>\n<p><b>Dilui\u00e7\u00e3o<\/b><br \/>\nPronto uso<\/p>\n<p><b>Durabilidade<\/b><br \/>\nAt\u00e9 trinta dias de prote\u00e7\u00e3o na pintura veicular<\/p>\n<p><b>Informa\u00e7\u00f5es Adicionais<\/b><br \/>\nAp\u00f3s o uso da Carna\u00faba Pl\u00fas, recomendamos aplica\u00e7\u00e3o de uma cera de prote\u00e7\u00e3o, como a Carna\u00faba Hybrid Wax, Blend Paste Wax ou Native Paste Wax<\/p>\n<p>-Alta profundidade e brilho<br \/>\n-F\u00e1cil aplica\u00e7\u00e3o e remo\u00e7\u00e3o<\/p>\n<p><b>Modo de usar:\u00a0<\/b><br \/>\n1.Agitar bem o produto antes de usar;<br \/>\n2.Aplicar pequena quantidade do produto na superf\u00edcie j\u00e1 limpa e seca, utiizando Aplicador de Espuma e realizando movimentos circulares;<br \/>\n3.Aguardar secar alguns minutos;<br \/>\n4.Remover a cera utilizando toalha ou pano de microfibra limpo e seco at\u00e9 obter o brilho desej\u00e1vel.<\/p>\n<\/div>\n","protected":false},"excerpt":{"rendered":"<p>Descri\u00e7\u00e3o Geral Carna\u00faba Plus \u00e9 uma cera limpadora e protetora, especialmente desenvolvida com a mais pura cera de carna\u00faba cearense. Sua f\u00f3rmula exclusiva limpa, protege e promove brilho de alta profundidade. Dilui\u00e7\u00e3o Pronto uso Durabilidade At\u00e9 trinta dias de prote\u00e7\u00e3o na pintura veicular Informa\u00e7\u00f5es Adicionais Ap\u00f3s o uso da Carna\u00faba Pl\u00fas, recomendamos aplica\u00e7\u00e3o de uma [&hellip;]<\/p>\n","protected":false},"featured_media":697,"comment_status":"open","ping_status":"closed","template":"","meta":[],"product_brand":[27],"product_cat":[36],"product_tag":[],"class_list":{"0":"post-696","1":"product","2":"type-product","3":"status-publish","4":"has-post-thumbnail","6":"product_brand-vonixx","7":"product_cat-cera-e-polimento","9":"first","10":"instock","11":"taxable","12":"shipping-taxable","13":"purchasable","14":"product-type-simple"},"_links":{"self":[{"href":"https:\/\/danieldasbaterias.com\/index.php?rest_route=\/wp\/v2\/product\/696","targetHints":{"allow":["GET"]}}],"collection":[{"href":"https:\/\/danieldasbaterias.com\/index.php?rest_route=\/wp\/v2\/product"}],"about":[{"href":"https:\/\/danieldasbaterias.com\/index.php?rest_route=\/wp\/v2\/types\/product"}],"replies":[{"embeddable":true,"href":"https:\/\/danieldasbaterias.com\/index.php?rest_route=%2Fwp%2Fv2%2Fcomments&post=696"}],"wp:featuredmedia":[{"embeddable":true,"href":"https:\/\/danieldasbaterias.com\/index.php?rest_route=\/wp\/v2\/media\/697"}],"wp:attachment":[{"href":"https:\/\/danieldasbaterias.com\/index.php?rest_route=%2Fwp%2Fv2%2Fmedia&parent=696"}],"wp:term":[{"taxonomy":"product_brand","embeddable":true,"href":"https:\/\/danieldasbaterias.com\/index.php?rest_route=%2Fwp%2Fv2%2Fproduct_brand&post=696"},{"taxonomy":"product_cat","embeddable":true,"href":"https:\/\/danieldasbaterias.com\/index.php?rest_route=%2Fwp%2Fv2%2Fproduct_cat&post=696"},{"taxonomy":"product_tag","embeddable":true,"href":"https:\/\/danieldasbaterias.com\/index.php?rest_route=%2Fwp%2Fv2%2Fproduct_tag&post=696"}],"curies":[{"name":"wp","href":"https:\/\/api.w.org\/{rel}","templated":true}]}}