{"id":700,"date":"2025-08-08T15:09:37","date_gmt":"2025-08-08T18:09:37","guid":{"rendered":"https:\/\/danieldasbaterias.com\/?post_type=product&#038;p=700"},"modified":"2025-08-08T15:11:05","modified_gmt":"2025-08-08T18:11:05","slug":"impact","status":"publish","type":"product","link":"https:\/\/danieldasbaterias.com\/?product=impact","title":{"rendered":"IMPACT"},"content":{"rendered":"<p>Impact \u00e9 um limpador universal, ecologicamente correto e n\u00e3o-corrosivo, desenvolvido para limpezas dif\u00edceis de superf\u00edcies diversas. Sua f\u00f3rmula exclusiva promove alta efic\u00e1cia na elimina\u00e7\u00e3o de manchas produzidas pro impacto de insetos, gordura e encardidos.<\/p>\n<p><strong>Dilui\u00e7\u00e3o<\/strong><br \/>\n1:1 &#8211; Para superf\u00edcies incrustadas;<br \/>\n1:10 &#8211; Para limpeza pesada;<br \/>\n1:30 &#8211; Para m\u00e9dia intensidade;<br \/>\n1:50 &#8211; Para limpeza de manuten\u00e7\u00e3o;<br \/>\nAt\u00e9 1:60 &#8211; Para extratoras;<br \/>\nAt\u00e9 1:20 &#8211; Para tornadores<\/p>\n<p><strong>Recomenda\u00e7\u00f5es<\/strong><br \/>\nImpact \u00e9 ideal para uso em rodas, motores, pneus, chassi, cromados, estofados, carpetes, tecidos, metais, caixas de rodas e pintura automotivas.<br \/>\nObs: Impact pode ser utilizado em extratora e tornador.<\/p>\n<p><strong>Informa\u00e7\u00f5es adicionais<\/strong><br \/>\nImpact n\u00e3o \u00e9 recomendado para uso em pl\u00e1stico internos e externos.<br \/>\nN\u00e3o recomendamos uso do produto em bancos de couro.<\/p>\n<p>-Ultra concentrado<br \/>\n-Remove ceras e selantes<br \/>\n-Ecologicamente correto<\/p>\n<p><strong>Modo de usar<\/strong><\/p>\n<p>Rodas, motores, chassis, pneus, pinturas:<\/p>\n<p>1. Dilua o produto na propor\u00e7\u00e3o conforme indica\u00e7\u00e3o de uso;<br \/>\n2. Com o aux\u00edlio de um pulverizador pulverize a solu\u00e7\u00e3o na \u00e1rea a ser limpa;<br \/>\n3. Utilize um pincel, escova macia ou aplicador de espuma e realize movimentos at\u00e9 observar o desprendimento da sujeira;<br \/>\n4. Enx\u00e1gue cuidadosamente a superf\u00edcie com o aux\u00edlio de uma lavadora de alta press\u00e3o.<\/p>\n<p>Carpetes, estofados e tecidos:<\/p>\n<p>1. Dilua o produto na propor\u00e7\u00e3o conforme indica\u00e7\u00e3o de uso;<br \/>\n2. Com o aux\u00edlio de um pulverizador pulverize a solu\u00e7\u00e3o na \u00e1rea a ser limpa;<br \/>\n3. Utilize uma escova macia ou um aplicador de espuma e realize movimentos circulares at\u00e9 observar o desprendimento da sujeira;<br \/>\n4. Utilize um aspirador espec\u00edfico para remo\u00e7\u00e3o de \u00e1gua e aspire toda a sujeira;<br \/>\n5. Aguarde secar completamente.<\/p>\n","protected":false},"excerpt":{"rendered":"<p>HIDRATA\u00c7\u00c3O DE COURO<\/p>\n","protected":false},"featured_media":701,"comment_status":"open","ping_status":"closed","template":"","meta":[],"product_brand":[27],"product_cat":[67,37],"product_tag":[],"class_list":{"0":"post-700","1":"product","2":"type-product","3":"status-publish","4":"has-post-thumbnail","6":"product_brand-vonixx","7":"product_cat-limpeza","8":"product_cat-limpeza-externa-auto","10":"first","11":"instock","12":"taxable","13":"shipping-taxable","14":"purchasable","15":"product-type-simple"},"_links":{"self":[{"href":"https:\/\/danieldasbaterias.com\/index.php?rest_route=\/wp\/v2\/product\/700","targetHints":{"allow":["GET"]}}],"collection":[{"href":"https:\/\/danieldasbaterias.com\/index.php?rest_route=\/wp\/v2\/product"}],"about":[{"href":"https:\/\/danieldasbaterias.com\/index.php?rest_route=\/wp\/v2\/types\/product"}],"replies":[{"embeddable":true,"href":"https:\/\/danieldasbaterias.com\/index.php?rest_route=%2Fwp%2Fv2%2Fcomments&post=700"}],"wp:featuredmedia":[{"embeddable":true,"href":"https:\/\/danieldasbaterias.com\/index.php?rest_route=\/wp\/v2\/media\/701"}],"wp:attachment":[{"href":"https:\/\/danieldasbaterias.com\/index.php?rest_route=%2Fwp%2Fv2%2Fmedia&parent=700"}],"wp:term":[{"taxonomy":"product_brand","embeddable":true,"href":"https:\/\/danieldasbaterias.com\/index.php?rest_route=%2Fwp%2Fv2%2Fproduct_brand&post=700"},{"taxonomy":"product_cat","embeddable":true,"href":"https:\/\/danieldasbaterias.com\/index.php?rest_route=%2Fwp%2Fv2%2Fproduct_cat&post=700"},{"taxonomy":"product_tag","embeddable":true,"href":"https:\/\/danieldasbaterias.com\/index.php?rest_route=%2Fwp%2Fv2%2Fproduct_tag&post=700"}],"curies":[{"name":"wp","href":"https:\/\/api.w.org\/{rel}","templated":true}]}}