{"id":714,"date":"2025-08-08T15:38:44","date_gmt":"2025-08-08T18:38:44","guid":{"rendered":"https:\/\/danieldasbaterias.com\/?post_type=product&#038;p=714"},"modified":"2025-08-08T15:48:27","modified_gmt":"2025-08-08T18:48:27","slug":"toalha-de-microfibra-s-costura-40x40-350gsm","status":"publish","type":"product","link":"https:\/\/danieldasbaterias.com\/?product=toalha-de-microfibra-s-costura-40x40-350gsm","title":{"rendered":"TOALHA DE MICROFIBRA S\/COSTURA 40X40 350GSM"},"content":{"rendered":"<p>A Toalha de Microfiba Sem Costura Vonixx \u00e9 um produto com corte a laser desenvolvido para evitar riscos na pintura do ve\u00edculo, promove um \u00f3timo acabamento, limpeza interna e externa. Ideal para lavagens a seco, remo\u00e7\u00e3o de ceras, selantes, vitrificadores, aplica\u00e7\u00f5es de ceras spray e finaliza\u00e7\u00e3o de polimento<\/p>\n<p><b>Tamanho<\/b><br \/>\n40x40cm<\/p>\n<p><b>Gramatura<\/b><br \/>\n350gsm<\/p>\n<p><b>Material<\/b><br \/>\n80% poli\u00e9ster, 20% poliamida<\/p>\n<p><b>Informa\u00e7\u00f5es adicionais<\/b><br \/>\nPensando em uma melhor prote\u00e7\u00e3o para o produto, afim de evitar contato com diversas sujidades e melhor armazenamento, desenvolvemos uma embalagem pr\u00e1tica em ziplock<\/p>\n<p>-N\u00e3o risca<br \/>\n-Super macia<br \/>\n-Alta absor\u00e7\u00e3o<\/p>\n","protected":false},"excerpt":{"rendered":"<p>LIMPEZA<\/p>\n","protected":false},"featured_media":715,"comment_status":"open","ping_status":"closed","template":"","meta":[],"product_brand":[27],"product_cat":[67,37,35],"product_tag":[],"class_list":{"0":"post-714","1":"product","2":"type-product","3":"status-publish","4":"has-post-thumbnail","6":"product_brand-vonixx","7":"product_cat-limpeza","8":"product_cat-limpeza-externa-auto","9":"product_cat-limpeza-interna-auto","11":"first","12":"instock","13":"taxable","14":"shipping-taxable","15":"purchasable","16":"product-type-simple"},"_links":{"self":[{"href":"https:\/\/danieldasbaterias.com\/index.php?rest_route=\/wp\/v2\/product\/714","targetHints":{"allow":["GET"]}}],"collection":[{"href":"https:\/\/danieldasbaterias.com\/index.php?rest_route=\/wp\/v2\/product"}],"about":[{"href":"https:\/\/danieldasbaterias.com\/index.php?rest_route=\/wp\/v2\/types\/product"}],"replies":[{"embeddable":true,"href":"https:\/\/danieldasbaterias.com\/index.php?rest_route=%2Fwp%2Fv2%2Fcomments&post=714"}],"wp:featuredmedia":[{"embeddable":true,"href":"https:\/\/danieldasbaterias.com\/index.php?rest_route=\/wp\/v2\/media\/715"}],"wp:attachment":[{"href":"https:\/\/danieldasbaterias.com\/index.php?rest_route=%2Fwp%2Fv2%2Fmedia&parent=714"}],"wp:term":[{"taxonomy":"product_brand","embeddable":true,"href":"https:\/\/danieldasbaterias.com\/index.php?rest_route=%2Fwp%2Fv2%2Fproduct_brand&post=714"},{"taxonomy":"product_cat","embeddable":true,"href":"https:\/\/danieldasbaterias.com\/index.php?rest_route=%2Fwp%2Fv2%2Fproduct_cat&post=714"},{"taxonomy":"product_tag","embeddable":true,"href":"https:\/\/danieldasbaterias.com\/index.php?rest_route=%2Fwp%2Fv2%2Fproduct_tag&post=714"}],"curies":[{"name":"wp","href":"https:\/\/api.w.org\/{rel}","templated":true}]}}